{"id":38,"date":"2024-05-10T16:11:01","date_gmt":"2024-05-10T14:11:01","guid":{"rendered":"https:\/\/reconnect20.org\/?page_id=38"},"modified":"2024-05-23T11:30:25","modified_gmt":"2024-05-23T09:30:25","slug":"former","status":"publish","type":"page","link":"https:\/\/reconnect20.org\/index.php\/former\/","title":{"rendered":"Former"},"content":{"rendered":"<div class=\"wp-block-image is-style-rounded\">\n<figure class=\"aligncenter size-full is-resized\"><img loading=\"lazy\" decoding=\"async\" width=\"1024\" height=\"1024\" src=\"https:\/\/reconnect20.org\/wp-content\/uploads\/2024\/05\/Formation.jpeg\" alt=\"\" class=\"wp-image-39\" style=\"width:400px\" srcset=\"https:\/\/reconnect20.org\/wp-content\/uploads\/2024\/05\/Formation.jpeg 1024w, https:\/\/reconnect20.org\/wp-content\/uploads\/2024\/05\/Formation-300x300.jpeg 300w, https:\/\/reconnect20.org\/wp-content\/uploads\/2024\/05\/Formation-150x150.jpeg 150w, https:\/\/reconnect20.org\/wp-content\/uploads\/2024\/05\/Formation-768x768.jpeg 768w\" sizes=\"auto, (max-width: 1024px) 100vw, 1024px\" \/><\/figure>\n<\/div>\n\n\n<p class=\"has-text-align-left\">Les formations ont une signification et un objectif clair, guid\u00e9es par notre engagement envers une soci\u00e9t\u00e9 plus inclusive et \u00e9quitable. Ces formations seront dispens\u00e9es par des sp\u00e9cialistes, soucieux de transmettre leur savoir.&nbsp;<\/p>\n\n\n\n<p class=\"has-text-align-left\">Pourquoi ces formations sont-elles essentielles ? Parce que l&#8217;acc\u00e8s aux comp\u00e9tences num\u00e9riques est devenu un pr\u00e9requis dans le monde moderne, offrant des opportunit\u00e9s d&#8217;apprentissage, d&#8217;emploi et de connexion au sein d\u2019une soci\u00e9t\u00e9 r\u00e9solument tourn\u00e9e vers le tout num\u00e9rique.&nbsp;<\/p>\n\n\n\n<p class=\"has-text-align-left\">Notre but est d&#8217;autonomiser chaque participant, de briser les barri\u00e8res num\u00e9riques et de contribuer \u00e0 leur r\u00e9ussite personnelle.<\/p>\n\n\n\n<figure class=\"wp-block-pullquote has-text-align-left has-accent-color has-subtle-background-background-color has-text-color has-background has-link-color has-small-font-size wp-elements-ba462491748da63441e3d5ae6eeae3d2\"><blockquote><p>En 2019, une personne sur six n\u2019utilise pas Internet, plus d\u2019un usager sur trois manque de comp\u00e9tences num\u00e9riques de base<em>.<\/em><br><\/p><cite><em>Sources : St\u00e9phane Legleye, Anna\u00efck Rolland (division Conditions de vie des m\u00e9nages, Insee).<\/em><\/cite><\/blockquote><\/figure>\n\n\n\n<figure class=\"wp-block-image size-full\"><img loading=\"lazy\" decoding=\"async\" width=\"1024\" height=\"252\" src=\"http:\/\/reconnect20.org\/wp-content\/uploads\/2024\/05\/Onde-Vert.png\" alt=\"\" class=\"wp-image-189\" srcset=\"https:\/\/reconnect20.org\/wp-content\/uploads\/2024\/05\/Onde-Vert.png 1024w, https:\/\/reconnect20.org\/wp-content\/uploads\/2024\/05\/Onde-Vert-300x74.png 300w, https:\/\/reconnect20.org\/wp-content\/uploads\/2024\/05\/Onde-Vert-768x189.png 768w\" sizes=\"auto, (max-width: 1024px) 100vw, 1024px\" \/><\/figure>\n\n\n\n<p>Plusieurs modules de formations seront propos\u00e9s (selon les attentes et niveaux) :<\/p>\n\n\n\n<ul class=\"wp-block-list\">\n<li><strong>Module de base en informatique <\/strong>: Introduction \u00e0 l&#8217;ordinateur et \u00e0 ses composants, les diff\u00e9rents syst\u00e8mes d&#8217;exploitation, navigation et utilisation d&#8217;un clavier et d&#8217;une souris. Gestion des fichiers et dossiers.<\/li>\n<\/ul>\n\n\n\n<ul class=\"wp-block-list\">\n<li><strong>Navigation sur Internet <\/strong>: Utilisation des navigateurs web, recherche d&#8217;informations en ligne, s\u00e9curit\u00e9 en ligne et protection des donn\u00e9es.<\/li>\n<\/ul>\n\n\n\n<ul class=\"wp-block-list\">\n<li><strong>Bureautique <\/strong>: Utilisation de logiciels de traitement de texte, de cr\u00e9ation de pr\u00e9sentations, de tableurs.<\/li>\n<\/ul>\n\n\n\n<ul class=\"wp-block-list\">\n<li><strong>Communication en ligne <\/strong>: Utilisation d&#8217;e-mails (cr\u00e9ation, envoi, r\u00e9ception), des messageries instantan\u00e9es et r\u00e9seaux sociaux.<\/li>\n<\/ul>\n\n\n\n<ul class=\"wp-block-list\">\n<li><strong>S\u00e9curit\u00e9 informatique (les bonnes conduites) <\/strong>: Sensibilisation aux menaces en ligne, protection contre les virus et les logiciels malveillants, cr\u00e9ation de mots de passe s\u00e9curis\u00e9s, gestion des mises \u00e0 jour.<\/li>\n<\/ul>\n\n\n\n<ul class=\"wp-block-list\">\n<li><strong>Utilisation des logiciels libres <\/strong>: Les logiciels open source et gratuits, installation et utilisation.<\/li>\n<\/ul>\n","protected":false},"excerpt":{"rendered":"<p>Les formations ont une signification et un objectif clair, guid\u00e9es par notre engagement envers une soci\u00e9t\u00e9 plus inclusive et \u00e9quitable. Ces formations seront dispens\u00e9es par des sp\u00e9cialistes, soucieux de transmettre leur savoir.&nbsp; Pourquoi ces formations sont-elles essentielles ? Parce que l&#8217;acc\u00e8s aux comp\u00e9tences num\u00e9riques est devenu un pr\u00e9requis dans le monde moderne, offrant des opportunit\u00e9s [&hellip;]<\/p>\n","protected":false},"author":1,"featured_media":0,"parent":0,"menu_order":0,"comment_status":"closed","ping_status":"closed","template":"","meta":{"footnotes":""},"class_list":["post-38","page","type-page","status-publish","hentry"],"_links":{"self":[{"href":"https:\/\/reconnect20.org\/index.php\/wp-json\/wp\/v2\/pages\/38","targetHints":{"allow":["GET"]}}],"collection":[{"href":"https:\/\/reconnect20.org\/index.php\/wp-json\/wp\/v2\/pages"}],"about":[{"href":"https:\/\/reconnect20.org\/index.php\/wp-json\/wp\/v2\/types\/page"}],"author":[{"embeddable":true,"href":"https:\/\/reconnect20.org\/index.php\/wp-json\/wp\/v2\/users\/1"}],"replies":[{"embeddable":true,"href":"https:\/\/reconnect20.org\/index.php\/wp-json\/wp\/v2\/comments?post=38"}],"version-history":[{"count":10,"href":"https:\/\/reconnect20.org\/index.php\/wp-json\/wp\/v2\/pages\/38\/revisions"}],"predecessor-version":[{"id":196,"href":"https:\/\/reconnect20.org\/index.php\/wp-json\/wp\/v2\/pages\/38\/revisions\/196"}],"wp:attachment":[{"href":"https:\/\/reconnect20.org\/index.php\/wp-json\/wp\/v2\/media?parent=38"}],"curies":[{"name":"wp","href":"https:\/\/api.w.org\/{rel}","templated":true}]}}