{"id":26,"date":"2024-05-10T18:04:19","date_gmt":"2024-05-10T16:04:19","guid":{"rendered":"https:\/\/reconnect20.org\/?page_id=26"},"modified":"2024-05-23T11:31:36","modified_gmt":"2024-05-23T09:31:36","slug":"missions","status":"publish","type":"page","link":"https:\/\/reconnect20.org\/index.php\/missions\/","title":{"rendered":"Missions"},"content":{"rendered":"<div class=\"wp-block-image is-style-rounded\">\n<figure class=\"aligncenter size-full is-resized\"><img loading=\"lazy\" decoding=\"async\" width=\"1024\" height=\"1024\" src=\"http:\/\/reconnect20.org\/wp-content\/uploads\/2024\/05\/Logo-Reconnect2.0.jpg\" alt=\"\" class=\"wp-image-10\" style=\"width:400px\" srcset=\"https:\/\/reconnect20.org\/wp-content\/uploads\/2024\/05\/Logo-Reconnect2.0.jpg 1024w, https:\/\/reconnect20.org\/wp-content\/uploads\/2024\/05\/Logo-Reconnect2.0-300x300.jpg 300w, https:\/\/reconnect20.org\/wp-content\/uploads\/2024\/05\/Logo-Reconnect2.0-150x150.jpg 150w, https:\/\/reconnect20.org\/wp-content\/uploads\/2024\/05\/Logo-Reconnect2.0-768x768.jpg 768w\" sizes=\"auto, (max-width: 1024px) 100vw, 1024px\" \/><\/figure>\n<\/div>\n\n\n<p class=\"has-text-align-left\">L&#8217;objectif de notre association est de r\u00e9cup\u00e9rer et remettre en circulation du mat\u00e9riel informatique, \u00e9lectronique d\u00e9clar\u00e9 obsol\u00e8te ou hors service, lui donner une seconde vie, dans le but d&#8217;\u00e9quiper et de former une population pr\u00e9caire en situation de d\u00e9crochage num\u00e9rique<\/p>\n\n\n\n<p><strong>Ses 4 missions principales&nbsp;sont :<\/strong><\/p>\n\n\n\n<ul class=\"wp-block-list\">\n<li><strong><u>R\u00e9cup\u00e9rer<\/u>\u00a0<\/strong>: Notre premi\u00e8re mission consiste \u00e0 r\u00e9cup\u00e9rer des \u00e9quipements informatiques obsol\u00e8tes ou en fin de vie, provenant de particuliers, d&#8217;entreprises, de collectivit\u00e9s ou d&#8217;organisations.\u00a0<\/li>\n<\/ul>\n\n\n\n<ul class=\"wp-block-list\">\n<li><strong><u>R\u00e9habiliter<\/u>\u00a0<\/strong>: Nous les remettons en \u00e9tat en les r\u00e9visant, les r\u00e9parant et les mettant \u00e0 jour afin qu\u2019ils puissent fonctionner de fa\u00e7on optimale.<\/li>\n<\/ul>\n\n\n\n<ul class=\"wp-block-list\">\n<li><strong><u>Redistribuer<\/u>\u00a0<\/strong>: Nous veillons \u00e0 ce que ce mat\u00e9riel restaur\u00e9 soit redistribu\u00e9 de mani\u00e8re \u00e9quitable \u00e0 ceux qui en ont le plus besoin, en priorisant les personnes pr\u00e9caires.<\/li>\n<\/ul>\n\n\n\n<ul class=\"wp-block-list\">\n<li><strong><u>Former<\/u>\u00a0<\/strong>: Autant que possible, nous nous engageons \u00e0 dispenser des formations \u00e0 ces personnes, les aidant \u00e0 d\u00e9velopper des comp\u00e9tences informatiques essentielles dans le monde d&#8217;aujourd\u2019hui.<\/li>\n<\/ul>\n\n\n\n<p class=\"has-text-align-center\">Le Rayon d\u2019action de <strong>RECONNECT 2.0<\/strong> est le bassin Roannais dans le d\u00e9partement de la Loire (42)<\/p>\n\n\n<div class=\"wp-block-image\">\n<figure class=\"aligncenter size-large\"><img loading=\"lazy\" decoding=\"async\" width=\"1024\" height=\"858\" src=\"https:\/\/reconnect20.org\/wp-content\/uploads\/2024\/05\/Carte-de-France-Vintage-avec-pins-1024x858.jpg\" alt=\"\" class=\"wp-image-172\" srcset=\"https:\/\/reconnect20.org\/wp-content\/uploads\/2024\/05\/Carte-de-France-Vintage-avec-pins-1024x858.jpg 1024w, https:\/\/reconnect20.org\/wp-content\/uploads\/2024\/05\/Carte-de-France-Vintage-avec-pins-300x251.jpg 300w, https:\/\/reconnect20.org\/wp-content\/uploads\/2024\/05\/Carte-de-France-Vintage-avec-pins-768x644.jpg 768w, https:\/\/reconnect20.org\/wp-content\/uploads\/2024\/05\/Carte-de-France-Vintage-avec-pins.jpg 1129w\" sizes=\"auto, (max-width: 1024px) 100vw, 1024px\" \/><figcaption class=\"wp-element-caption\"><em>Cr\u00e9dit Image BnF<\/em><\/figcaption><\/figure>\n<\/div>\n\n<div class=\"wp-block-image\">\n<figure class=\"aligncenter size-large is-resized\"><img loading=\"lazy\" decoding=\"async\" width=\"791\" height=\"1024\" src=\"https:\/\/reconnect20.org\/wp-content\/uploads\/2024\/05\/Carte-Loire-avec-Loupe-791x1024.png\" alt=\"\" class=\"wp-image-173\" style=\"width:848px;height:auto\" srcset=\"https:\/\/reconnect20.org\/wp-content\/uploads\/2024\/05\/Carte-Loire-avec-Loupe-791x1024.png 791w, https:\/\/reconnect20.org\/wp-content\/uploads\/2024\/05\/Carte-Loire-avec-Loupe-232x300.png 232w, https:\/\/reconnect20.org\/wp-content\/uploads\/2024\/05\/Carte-Loire-avec-Loupe-768x994.png 768w, https:\/\/reconnect20.org\/wp-content\/uploads\/2024\/05\/Carte-Loire-avec-Loupe-1187x1536.png 1187w, https:\/\/reconnect20.org\/wp-content\/uploads\/2024\/05\/Carte-Loire-avec-Loupe-1200x1553.png 1200w, https:\/\/reconnect20.org\/wp-content\/uploads\/2024\/05\/Carte-Loire-avec-Loupe.png 1390w\" sizes=\"auto, (max-width: 791px) 100vw, 791px\" \/><figcaption class=\"wp-element-caption\"><em>Cr\u00e9dit Image Larousse<\/em><\/figcaption><\/figure>\n<\/div>","protected":false},"excerpt":{"rendered":"<p>L&#8217;objectif de notre association est de r\u00e9cup\u00e9rer et remettre en circulation du mat\u00e9riel informatique, \u00e9lectronique d\u00e9clar\u00e9 obsol\u00e8te ou hors service, lui donner une seconde vie, dans le but d&#8217;\u00e9quiper et de former une population pr\u00e9caire en situation de d\u00e9crochage num\u00e9rique Ses 4 missions principales&nbsp;sont : Le Rayon d\u2019action de RECONNECT 2.0 est le bassin Roannais [&hellip;]<\/p>\n","protected":false},"author":1,"featured_media":0,"parent":0,"menu_order":0,"comment_status":"closed","ping_status":"closed","template":"","meta":{"footnotes":""},"class_list":["post-26","page","type-page","status-publish","hentry"],"_links":{"self":[{"href":"https:\/\/reconnect20.org\/index.php\/wp-json\/wp\/v2\/pages\/26","targetHints":{"allow":["GET"]}}],"collection":[{"href":"https:\/\/reconnect20.org\/index.php\/wp-json\/wp\/v2\/pages"}],"about":[{"href":"https:\/\/reconnect20.org\/index.php\/wp-json\/wp\/v2\/types\/page"}],"author":[{"embeddable":true,"href":"https:\/\/reconnect20.org\/index.php\/wp-json\/wp\/v2\/users\/1"}],"replies":[{"embeddable":true,"href":"https:\/\/reconnect20.org\/index.php\/wp-json\/wp\/v2\/comments?post=26"}],"version-history":[{"count":11,"href":"https:\/\/reconnect20.org\/index.php\/wp-json\/wp\/v2\/pages\/26\/revisions"}],"predecessor-version":[{"id":201,"href":"https:\/\/reconnect20.org\/index.php\/wp-json\/wp\/v2\/pages\/26\/revisions\/201"}],"wp:attachment":[{"href":"https:\/\/reconnect20.org\/index.php\/wp-json\/wp\/v2\/media?parent=26"}],"curies":[{"name":"wp","href":"https:\/\/api.w.org\/{rel}","templated":true}]}}